i(u).
7
Let p(j) be the first derivative of -j**7/840 - j**6/180 - j**4/12 + j**3 + 1. Let a(f) be the third derivative of p(f). Give a(-3).
7
Suppose c + 4 = -0*c. Let i(n) be the third derivative of -n**4/24 - 7*n**3/6 - 30*n**2. Determine i(c).
-3
Let t = 229 - 228. Let m(u) be the first derivative of -3*u**2 - u + 1. Give m(t).
-7
Suppose -5*q + 19 + 6 = 0. Let z(b) = b**3 - 4*b**2 - 5*b - 3. Determine z(q).
-3
Let r(g) = -4 - 16*g - 6*g + 5*g**2 + 30*g - g**3. Let o = 1 - -5. Calculate r(o).
8
Suppose -2*w + 5*g - 12 = 0, 3*w - 32 = 2*g - 7*g. Let z(d) = 5*d - 2. What is z(w)?
18
Suppose 0 = -2*l - 2*x - 16, -l + 5*x + 3 = -7. Let j(d) be the first derivative of 1 - 3*d - 1/2*d**2. Determine j(l).
2
Let x(l) = l**2 - 7*l + 6. Suppose -3*q + 0 = -2*s - 2, -5*q + 45 = 5*s. Suppose s*d + 11 = b + 82, -87 = -5*d - 3*b. Suppose d = 2*h + h. Determine x(h).
-4
Let d(a) = 11*a + 1. Let g(w) = -w - 6. Suppose 5 = -b - 0. Let k be g(b). Calculate d(k).
-10
Let d(u) be the third derivative of u**5/60 + u**4/3 + 5*u**3/3 - u**2. Let i be d(-7). Let s(k) = k**2 - 3*k + 4. What is s(i)?
4
Let r(j) = 2*j**2 + 8*j + 7. Let s be r(-3). Let m(x) = -13*x**3 - x**2 + 2*x - 1. Give m(s).
-13
Let a(g) be the second derivative of g**5/20 - g**4/2 + g**3/3 + g**2 - 4*g. Calculate a(6).
14
Let x = -5 - -8. Let a(b) = b + 0*b + x + b. Let o = 8 - 13. What is a(o)?
-7
Let l(p) = -9 + 6*p + 5*p**2 - 3*p**2 + 8*p**2. Let s(m) = m - 16. Let i be s(23). Let x(f) = -7*f**2 - 4*f + 6. Let c(y) = i*x(y) + 5*l(y). Calculate c(-4).
5
Let d be (-2)/4 - (-1)/2. Suppose 3*b = -3*p + 12, 2*b - 4*p = -d*p - 16. Let m(z) = 0 - 2 - z + b + 4*z. What is m(3)?
7
Let u(j) = -4*j**2 - 2 - 2*j**3 + 0*j**3 + j**3. Let z(p) = -p. Let v be z(-3). Let l(m) = -m**3 - 4*m**2 - m - 3. Let a(y) = v*l(y) - 2*u(y). Determine a(-4).
7
Let o(s) = -2*s + 4. Let m(y) = -y. Let j(w) = 3*m(w) - o(w). Suppose 2*c - 24 = 6*c. What is j(c)?
2
Suppose -5*j - 3 = 12. Let k(l) be the third derivative of -l**5/60 - l**4/8 - 2*l**3/3 + l**2. Give k(j).
-4
Suppose -5*y = 15, 4*s = -5*y + 6 - 17. Let q(i) = -3*i + 4*i - s - 3*i**2 + 0. Let v be 4/(-6)*(-3 + (-27)/(-18)). Give q(v).
-3
Let l(a) = 2*a + 8*a**2 - 10*a - 6*a**2 + a**3 - 3. Let t(x) = x**3 + x**2 - 8*x - 2. Let v(b) = 5*l(b) - 4*t(b). Determine v(-7).
0
Let a = 6 - 4. Let o(i) = i - 6 + a - 6. Let j be o(8). Let r(v) = 2*v - 2. Calculate r(j).
-6
Let m(d) = 4*d - 6*d**2 + 2*d**3 - d**3 + 2*d + 26 - 32. What is m(5)?
-1
Let g(j) = -13*j**3 + 7*j**2 + 13*j - 17. Let d(n) = -7*n**3 + 4*n**2 + 7*n - 9. Let r(m) = 11*d(m) - 6*g(m). Let b(p) = -3*p**2. Let x be b(-1). Give r(x).
-3
Let z = 177 - 169. Let d(k) = -k**3 + 7*k**2 + 9*k - 8. Determine d(z).
0
Let b(l) = -3*l**3 - 16*l**2 + 10*l + 11. Suppose 0 = -2*r - 3*r - 25. Let c(w) = -w**3 - 8*w**2 + 5*w + 6. Let t(f) = r*c(f) + 2*b(f). Give t(7).
6
Let n be 1*0*2/4. Let s(c) = c**2 - c + 1. Let h be s(n). Let b(o) be the third derivative of -o**4/4 - o**3/6 - o**2. Determine b(h).
-7
Let n(v) = -4*v**3 + 4*v**2 - v - 4. Let o(g) = -g**3. Let q(f) = n(f) - 3*o(f). Let u = 8 + -5. Determine q(u).
2
Let b(v) = -v**3 - 3*v**2 + 3*v. Let g = -3 + 8. Suppose 16 = y - g*y. Determine b(y).
4
Suppose 2*w - 5 = -1. Let f(g) = g**3 - 3*g**2 + 3*g. Determine f(w).
2
Let f(n) = 3*n - 9. Let p be f(5). Suppose -t + p*t = 0. Suppose 4*m = -b + 8, 0*b - b = t. Let j(w) = -3*w + 1. What is j(m)?
-5
Let m(r) be the second derivative of -1/24*r**4 - 2*r + 1/6*r**3 + r**2 + 0. Let p(v) be the first derivative of m(v). What is p(1)?
0
Let j(h) = h**2 - 1. Let f = 36 + -34. Calculate j(f).
3
Let j(h) = -3*h - 2. Let s(a) = a + 1. Let m(u) = 4*j(u) + 11*s(u). What is m(5)?
-2
Let r(t) = 6 - 8 + 0*t - t. Determine r(-2).
0
Suppose 9 = 5*v - 31. Let s(q) = 7 - 2*q + v*q + 2*q - q + q**2. Let j = -12 - -6. Calculate s(j).
1
Let j = 15 + -13. Let b(h) = 0*h**2 - 2*h - 1 + h**2 + 0*h. What is b(j)?
-1
Let k(m) = -19*m**2 + 9*m + 15. Suppose -2*y - 5*u + 27 = 0, 4*y - 5*u = -3*u + 18. Let l(h) = -9*h**2 + 4*h + 7. Let b(d) = y*k(d) - 13*l(d). What is b(1)?
4
Suppose -2*p = -x + 13, -2*x - 5*p = 3*x - 5. Let b(d) be the second derivative of d + 1/6*d**3 - 1/2*d**2 + 0 + 1/5*d**x + 1/12*d**4. Give b(1).
5
Let b = 1 + -5. Let g = b - -5. Let j(c) = g - c - 2*c + 2*c. Calculate j(3).
-2
Let j = 10 + -13. Let p = 1 + j. Let l(w) = 2*w**2 + 2*w + 2. Let f(g) = 2*g**2 + 2*g + 3. Let m(q) = -3*f(q) + 4*l(q). Give m(p).
3
Let v = 13 + -5. Let n(q) = -4 - 2 + 9*q**2 - v*q**2 + q. Determine n(0).
-6
Let d(w) be the third derivative of -w**5/60 - w**4/4 - 2*w**3/3 - 3*w**2. Determine d(-6).
-4
Let u(p) = 6*p**2 - 20*p - 2. Let t(l) = -4*l**2 + 13*l + 1. Let o(s) = 8*t(s) + 5*u(s). Let r(q) = 2*q - 7. Let i be r(5). What is o(i)?
-8
Let y(q) = q**2 - 1. Suppose 2*m - 40 = -3*m. Let s = m + -9. Determine y(s).
0
Let w(c) be the third derivative of -c**6/120 + c**5/15 + c**4/8 - c**3/6 - 24*c**2. Give w(4).
11
Let d be (-1 + 1)*(0 - -1). Suppose 3*u + 3 = 2*i + 15, -4*u - 3*i = 1. Suppose d = -u*q + 12 - 4. Let k(y) = -y**2 + 6*y - 3. Give k(q).
5
Let r(c) be the first derivative of -c**4/12 - c**3/6 + c**2/2 + 2. Let y(s) be the second derivative of r(s). Let a(b) = -b + 2. Let j be a(4). Give y(j).
3
Let h be (30/(-4))/((-36)/24). Let d(q) = -q**3 + 6*q**2 - 7*q + 7. Determine d(h).
-3
Suppose -4*s - 14 = 2*g - 7*g, 3*s = -g - 1. Let l(b) = 3*b. Give l(s).
-3
Let a = 129 + -85. Let o be (-3)/7 - a/28. Let j be o/3 + (-4)/(-6). Let c(m) = -m**3 - m**2 - m - 4. What is c(j)?
-4
Let v(n) = -n**3 + 3*n**2 + 2*n - 4. Suppose -2*o - 13 = -3, 0 = 4*q - 4*o - 32. Let p be v(q). Let w(y) = y - 4*y**2 + 7 + 3*y**2 + p*y**2. Determine w(0).
7
Let a(v) = v**3 - 7*v**2 - 9*v + 10. Let q be a(8). Let w(d) be the third derivative of 1/12*d**4 + 0 - 2*d**2 + 0*d - 1/2*d**3. Give w(q).
1
Let t be (-2 - 9)/(1 - 2). Suppose -t - 4 = 5*o. Let i(w) be the first derivative of 2*w**3/3 + 2*w**2 + 3*w + 1. Determine i(o).
9
Suppose 2*d - 4*x = 20, -d + 3*x = -x - 16. Let v(s) = 2*s**2 - 7*s + 6. Determine v(d).
10
Let w(y) = 18*y**2 - 59*y**2 + 16*y**2 + y + 21*y**2. Calculate w(-1).
-5
Suppose 2*x + 18 = 3*d - 0*d, 0 = -x. Let i(p) = p**3 - 6*p**2 - 8. Determine i(d).
-8
Let s(t) = t**3 + 9*t**2 + 4. Suppose 5*i = -72 + 27. What is s(i)?
4
Suppose t - 5*t - 4 = 0, -3*t = 3*d. Let p(k) be the third derivative of 3*k**2 + 7/24*k**4 + 0*k + 0 + 1/6*k**3. What is p(d)?
8
Let u(l) = 7*l**3 + l**2 + l. Suppose -2*y = -o - 2, 4*o + 11 = -5. Calculate u(y).
-7
Suppose 3*h = -3*z - z + 28, -2*h = 0. Let a = -7 + z. Let t(g) = 0*g**2 - 2*g**2 - g**3 + 0*g + g**2 + g. Determine t(a).
0
Let o(i) = 6*i**2. Suppose 169 = -5*p + 3*a - 0*a, 2*p + 4*a + 78 = 0. Let l be 32/14 - (-10)/p. Suppose 3*f - 5 + l = 0. Determine o(f).
6
Let j = -35 + 32. Let m(v) = -v**3 - 3*v**2 + 2*v + 4. What is m(j)?
-2
Suppose -p + 2*p = -z + 28, 5*p + 120 = 5*z. Let i = -18 + z. Let c = 3 - i. Let x(a) = a**3 + 4*a**2 - 3*a + 5. Determine x(c).
-5
Let r(j) = -3*j + 7. Let o(c) = -4*c - 15. Let v be o(-5). What is r(v)?
-8
Let y(c) = c**3 + 7*c**2 - 9*c - 6. Let j be y(-8). Let t = j - 0. Let k(f) = f + t + 0 - 2*f. Determine k(3).
-1
Let p(x) = -x + 1. Let j(z) be the first derivative of -7*z**2/2 - 8*z + 5. Let a(v) = j(v) - 6*p(v). Calculate a(-6).
-8
Let l = 7 + -5. Let f(r) = l*r + 4*r + 1 - 5*r - 2. Let g = -3 + 4. Determine f(g).
0
Let p(a) = -a**3 - a**2 + 5. Let c be p(0). Suppose -3*m - 10 = f - 3*f, 4*m - f + c = 0. Let z be 2 - 4 - -2 - m. Let t(u) = -u - 7. What is t(z)?
-7
Suppose 4 = -4*n + 12, 0 = i - 5*n + 17. Let l(q) = q**2 + 9*q + 5. Calculate l(i).
-9
Let d = 28 - 24. Let q(t) = -2*t + t - t. Give q(d).
-8
Let j(q) = q**3 + 4*q**2 + 2*q - 2. Let u be j(-2). Let n(y) = -1 - 21*y**3 - 2*y + 2*y - 2*y**2 + 0 + 3*y + 22*y**3. Give n(u).
5
Let v(j) = j**3 + 3*j - j**2 + 0*j**2 + 5*j**2. Suppose -4*p - 33 = -5*i, -6 + 5 = -2*p - i. What is v(p)?
2
Let c = -3 + 0. Let i(h) = -h**3 - 9*h**2 - 8*h + 3. Let l(o) = o**3 + 10*o**2 + 9*o - 4. Let r(s) = 6*i(s) + 5*l(s). Determine r(c).
-2
Let o be -1*3/(-1) - 0. Let c(a) = 4 - a - 3*a - 10 + o*a. What is c(0)?
-6
Let f(s) = -s - 2. Let z(r) = 2*r + 5. Let k be z(-4). Let c be f(k). Let n(p) = 1 - 2*p + 2*p**2 - 6*p**2 + 6*p**2. Determine n